5).
1
Suppose 249 = -5*o + 259. Let l(u) be the second derivative of 0 + 1/2*u**o + 1/2*u**3 - 2*u. What is l(1)?
4
Let i(d) = -19*d**3 - 51*d**2 - 40*d + 13. Let y(b) = -7*b**3 - 18*b**2 - 14*b + 4. Let g(t) = 3*i(t) - 8*y(t). What is g(-8)?
7
Let y(o) = -o - 2. Let l(c) = -c**3 - 8*c**2 - 13*c - 2. Let s be l(-6). Suppose -17 = -5*w + 4*h, 4*w + s*h - 28 = -0*w. What is y(w)?
-7
Let k(v) = 4*v**2 - 1. Let d be k(-1). Let h(a) = -3*a**d - 4*a**2 + 4*a**2 - a. Let y(c) = -2*c**3 + 19*c**2 - 10*c + 8. Let o be y(9). Calculate h(o).
4
Let j(t) be the second derivative of -t**4/12 + 5*t**3/2 - t**2 - 263*t. Calculate j(15).
-2
Let r = 32 + -29. Suppose 4*j - 5*n + 5 = 1, -12 = r*n. Let d(m) = -m**2 - 8*m - 7. What is d(j)?
5
Let i(l) = -l**3 + 7*l**2 + 9*l + 4. Let b be i(8). Let a(z) = -z + 21. Let f be a(b). Let y be (-3)/6 - f/2. Let s(g) = -g**3 - 6*g**2 - 5*g + 6. Give s(y).
6
Let n(t) = t**2 - 17*t + 23. Let r be n(17). Suppose 4*l - l = 2*d - r, 5*d - 4*l = 54. Let f(k) = k - 8. Give f(d).
2
Suppose 4*y - 4*i - 10 = 2, -6 = 2*y + i. Let c(s) = -6*s + 89 - 63 - 27. What is c(y)?
5
Let z be 2/(-2 + 4)*-1. Let k(c) = 5*c**2 - 3*c - 3. Suppose 15*o - 1 - 14 = 0. Let s(m) = -m**2 - m - 1. Let i(f) = o*k(f) - 4*s(f). Give i(z).
9
Let i(o) = o**2 + 2*o + 2. Suppose -3*r + 6*r = -5*z + 24, -r + 28 = 5*z. Suppose z*g = g + 40. Suppose g = -u + 6. Give i(u).
2
Let n(g) be the first derivative of -5*g**3/3 + 3*g**2/2 - 2*g + 165. Determine n(1).
-4
Let z(h) = 14*h + 2. Let d be ((-36)/6)/(6/4) - -3. Calculate z(d).
-12
Let j(a) = 3*a + 27. Suppose 24 = -5*i - 21. Let q be j(i). Let g(h) = -h**3 + h**2 + 8. Calculate g(q).
8
Let u(d) be the first derivative of d**2/2 + 23*d + 36. Let i be u(-20). Let s(r) be the third derivative of r**4/6 - r**3/3 - r**2. Give s(i).
10
Let l(g) = -1 + 6 - 20 - g + 4 + 6 - g**2. What is l(0)?
-5
Suppose 9 = -3*t - 0*t. Let j(q) = -45 - 55 + 206 - 52 - 3*q - 51. Determine j(t).
12
Let r(j) = 25 - 76 + 26 + 24 + j. Calculate r(5).
4
Let a(t) = t**3 + 59*t**2 + 115*t + 52. Let c be a(-57). Let r(f) = f**3 + 5*f**2 - 6*f - 23. What is r(c)?
7
Let o(r) = -11*r - 5. Let g be o(-1). Let a(d) = -13*d**3 + 2*d**2 + 7. Let x(k) = -7*k**3 + k**2 + 4. Let q(p) = g*a(p) - 11*x(p). Calculate q(0).
-2
Let m(l) = 19*l**2 - l + 1. Suppose -92*q + 6 = -86. Calculate m(q).
19
Let x(l) = -13*l - 229. Let d be x(-16). Let m(g) = g**2 + 20*g - 18. Determine m(d).
3
Let l(y) = 3 - 3 + 237*y - 236*y + 1 + 1. Determine l(3).
5
Let s(v) = -3*v**3 - 3*v**2 - 3*v - 3. Let h be (-72)/39 + (-10)/65. What is s(h)?
15
Let y(m) = -m**3 - 10*m**2 - 2*m - 13. Suppose -50*w - 40 = -46*w. Calculate y(w).
7
Let n = 258 - 254. Let x(o) = -2*o**2 + 2*o. What is x(n)?
-24
Let j = 15 + -10. Suppose -w + 5*v - 9 = 2*v, 5*w + j*v - 35 = 0. Let p(n) = 11 + 2*n**2 - n**2 - n - n**3 + 2*n**w. Give p(0).
11
Let x(w) = w**3 - 12*w**2 + 9*w + 99. Let r be x(10). Let s(o) = o**2 + 11*o + 14. Calculate s(r).
14
Let t = -134 + 125. Let k(l) = 2*l**2 + 21*l + 20. Let g be k(t). Let u(n) = -n - 12. Calculate u(g).
-5
Let d(a) = 2*a**2 + 9*a - 11. Let n = -220 + 215. Calculate d(n).
-6
Let n(c) be the third derivative of c**6/120 + c**5/30 - c**4/2 - 3*c**3/2 - c**2 - 119. What is n(-4)?
7
Let b(x) = -x - 6. Let u(n) = n**2 - 7*n - 5. Let s be u(6). Let w be b(s). Let g(c) = 0 + 4*c**3 - w*c**3 - 3*c**2 - 2 + c**2. What is g(-3)?
7
Let o(c) = 4*c - 2*c**2 + 0*c**2 + 2 + 0*c**2 + c**3 + 6*c**2. Determine o(-3).
-1
Let q(b) be the first derivative of b**3/3 - 4*b**2 - b + 109. Give q(5).
-16
Let q(n) be the third derivative of 0*n - 3*n**2 - 1/24*n**4 - 1/6*n**3 + 0 + 1/60*n**5. Let r = 12 - 9. Give q(r).
5
Let b be ((-4)/(-8))/(1/10). Let v(m) = 6*m**2 - 611*m**3 + 610*m**3 + 2*m - m**2. Calculate v(b).
10
Suppose 0 = 3*l - 3*q + 30, -l + 5*q = 8*q - 2. Let c(r) = -r**3 - 7*r**2 - 5. What is c(l)?
-5
Let w(h) = -7*h - 4*h - 1 + 12*h - h**3 + 3*h**2 - 6*h + 3*h**2. Suppose -5*p + 4*o = -40, o - 3*o - 26 = -4*p. Calculate w(p).
11
Suppose z = 3*u + u - 19, 3*z = -9. Let q be (-1)/(-4) - (-7)/4. Let t(f) = -u - 2 + 5 - 3*f**q + 12*f**3 + 5*f**2. Calculate t(-1).
-11
Suppose 29 - 38 = -9*o. Let d(n) = 5*n**2 + n - 1. Calculate d(o).
5
Suppose 5*z = 5*v - 5, z + v + 29 = 38. Let s(i) = -1 + 6*i + 2 - 7. Give s(z).
18
Let q(c) = 15 + 16*c + 16 - 30. Determine q(1).
17
Let k(p) be the third derivative of -p**5/60 - 5*p**4/24 + p**3/3 - 184*p**2. Give k(-5).
2
Let a(o) be the second derivative of o**7/840 + o**6/72 + o**5/40 - o**4/6 + 4*o**3 - 7*o. Let z(q) be the second derivative of a(q). Determine z(-3).
5
Let f(h) be the first derivative of 7*h**2/2 - 190. Give f(-2).
-14
Suppose -r - r + 3*k = -6, -4 = k. Let v(b) be the first derivative of b**4/24 + b**3/3 - 2*b**2 + 1. Let x(l) be the second derivative of v(l). Determine x(r).
-1
Let n(u) = -u + 3. Let q be n(0). Suppose -14*h - 12 = -20*h. Let r(v) = 3*v - 3*v**h + v**2 - 6*v - q - v. Calculate r(-2).
-3
Let o(y) = y**2 + 4*y - 3. Suppose -2*c + 5*f = 7, 5*c + 5*f = 9*f - 26. Calculate o(c).
9
Let z = 290 - 284. Let t(n) be the third derivative of 0 + 0*n + 8*n**2 - 1/120*n**z - 1/2*n**3 + 1/12*n**4 + 1/30*n**5. What is t(2)?
1
Suppose 0 = -2*j + 50 - 46. Suppose -2*k + 6*k - 8 = 0. Let t(s) = -3 + 0 + s**3 - 2 - j*s + 3*s**k + 1. Calculate t(-3).
2
Let d(h) = -4 + 2 + 3 - h**2 - 3*h**2. Let t be d(1). Let l(g) = -7 + 9 - 5 - 2*g. Determine l(t).
3
Let w(g) be the second derivative of -g**3/6 - g**2 + 84*g. What is w(8)?
-10
Let b = -16 - -16. Suppose d = -b*p - 5*p - 8, 8 = p + 5*d. Let m = p + 3. Let w(l) = -6*l**3 + l**2 - 1. Calculate w(m).
-6
Let v be 2*1*(-4)/(-8). Suppose -h = i + v, -2*i - 4*h - 22 = -7*h. Let b(c) = -336 + 5*c - c + 331 + c**2. Give b(i).
0
Let s(p) = p**2 + 5*p - 8. Let w = 38 + -53. Suppose 8*r - 10*r + 17 = d, 4*d - 5*r = 16. Let c = d + w. What is s(c)?
-2
Let m(n) = 6*n**2 + 12*n - 3. Let l(q) = -7*q**2 - 12*q + 2. Let c(u) = -5*l(u) - 6*m(u). What is c(-12)?
8
Let i(a) be the first derivative of 6 + 3/2*a**2 + 4*a - a**3. Give i(3).
-14
Let i(u) be the third derivative of -u**7/840 + u**6/72 - u**5/120 - 5*u**4/24 + 4*u**3/3 - 15*u**2. Let v(b) be the first derivative of i(b). Give v(4).
7
Let k(f) = 4*f**2 - f - 4. Let g(o) = -9*o**2 + 2*o + 7. Let d(y) = -3*g(y) - 5*k(y). Let r = 0 + 4. Suppose -2 = r*v + 2. What is d(v)?
7
Let j(o) = o**3 - 8*o**2 + 7. Suppose -7*k + 4*k + 12 = 0, -56 = -5*x - 4*k. Calculate j(x).
7
Let l(s) be the first derivative of s**3/3 - 9*s**2/2 + 8*s - 311. Calculate l(5).
-12
Let s(t) be the third derivative of t**5/60 - t**4/24 - 2*t**3/3 - 188*t**2. What is s(0)?
-4
Let x(z) = z**2 - 8*z + 2. Suppose f - 3*o = 12, 2*o + 6 = 2*f + 5*o. Calculate x(f).
-10
Let t(n) = -3*n + 3. Let b(s) = -s**2 - 13*s - 43. Let d be b(-8). What is t(d)?
12
Let r(y) = -9*y**3 - 38*y**2 + 27*y + 15. Let u(c) = -5*c**3 - 20*c**2 + 14*c + 8. Let s(t) = -6*r(t) + 11*u(t). What is s(7)?
-9
Let k(s) be the first derivative of -3*s**2/2 + 3*s - 129. Let g(o) = -o**2 + 5*o + 5. Let w be g(5). Give k(w).
-12
Let j(n) = -2*n + 8. Let h be (-1)/(-1) + (4 - 0). Let y(l) = 2*l - 9. Let b(q) = h*y(q) + 6*j(q). Give b(3).
-3
Let m(p) = 4*p - 4. Let u be ((-4)/6)/(8/432). Let n = -40 - u. Calculate m(n).
-20
Let l(a) = 10*a**2 + 4*a - 23. Let i(t) = -27*t**2 - 12*t + 68. Let z(j) = -3*i(j) - 8*l(j). What is z(-7)?
1
Let d(z) = z**3 + 5*z**2 + 5*z + 6. Suppose -5*h - 3 = 17. Let a be d(h). Let q(l) be the second derivative of l**4/12 + l**3/6 - l**2 + 2*l. Calculate q(a).
4
Suppose -19 = -3*s + x, 5*s - 2*x + 7*x = 5. Let r(z) = z**2 - 13*z + 3. Give r(s).
-37
Let h be 0*(18/4)/(-9). Suppose -d = -w - h*d - 10, 0 = 2*w + 2*d. Let z(p) = -1 + 2*p + 5 - p. Determine z(w).
-1
Let t(p) = -p**2 - 9. Suppose -142*i + 147*i = 0. Give t(i).
-9
Let s(t) be the second derivative of t + 1/2*t**2 + 1/6*t**3 + 2 - 1/12*t**4. Determine s(2).
-1
Let p(t) = 3*t - 9. Let a(c) = -c + 3. Let x(z) = -17*a(z) - 6*p(z). Calculate x(-1).
4
Suppose -24 = -4*l - 5*o, 2*o + 0 = 8. Let d(g) = -15*g. Give d(l).
-15
Let r(x) be the first derivative of -5*x**2/2 + 2*x - 116. Let w = 16 - 18. Give r(w).
12
Let r(m) = 0*m**2 - 3*m - 2*m + 1 + m**2 - 10. Let t(w) = -w**2 + 4*w + 7. Let p be t(0). What is r(p)?
5
Let i(k) = -3*